{"id":102,"date":"2022-05-15T10:06:26","date_gmt":"2022-05-15T09:06:26","guid":{"rendered":"https:\/\/www.amnestylausanne.ch\/?page_id=102"},"modified":"2022-05-15T10:19:34","modified_gmt":"2022-05-15T09:19:34","slug":"privacy-policy","status":"publish","type":"page","link":"https:\/\/www.amnestylausanne.ch\/index.php\/privacy-policy\/","title":{"rendered":"Politique de confidentialit\u00e9"},"content":{"rendered":"\n<ol class=\"wp-block-list\"><li>La confidentialit\u00e9 des visiteurs de notre site web est tr\u00e8s importante \u00e0 nos yeux, et nous nous engageons \u00e0 la prot\u00e9ger.<\/li><li>Nous ne collectons pas de donn\u00e9es personnelles lors de votre visite sur ce site.<\/li><li>Nous n&#8217;utilisons pas de Cookies sur ce site.<\/li><\/ol>\n","protected":false},"excerpt":{"rendered":"<p>La confidentialit\u00e9 des visiteurs de notre site web est tr\u00e8s importante \u00e0 nos yeux, et nous nous engageons \u00e0 la prot\u00e9ger. Nous ne collectons pas de donn\u00e9es personnelles lors de votre visite sur ce site. Nous n&#8217;utilisons pas de Cookies sur ce site.<\/p>\n","protected":false},"author":1,"featured_media":0,"parent":0,"menu_order":0,"comment_status":"closed","ping_status":"closed","template":"","meta":{"footnotes":""},"class_list":["post-102","page","type-page","status-publish","hentry"],"_links":{"self":[{"href":"https:\/\/www.amnestylausanne.ch\/index.php\/wp-json\/wp\/v2\/pages\/102","targetHints":{"allow":["GET"]}}],"collection":[{"href":"https:\/\/www.amnestylausanne.ch\/index.php\/wp-json\/wp\/v2\/pages"}],"about":[{"href":"https:\/\/www.amnestylausanne.ch\/index.php\/wp-json\/wp\/v2\/types\/page"}],"author":[{"embeddable":true,"href":"https:\/\/www.amnestylausanne.ch\/index.php\/wp-json\/wp\/v2\/users\/1"}],"replies":[{"embeddable":true,"href":"https:\/\/www.amnestylausanne.ch\/index.php\/wp-json\/wp\/v2\/comments?post=102"}],"version-history":[{"count":4,"href":"https:\/\/www.amnestylausanne.ch\/index.php\/wp-json\/wp\/v2\/pages\/102\/revisions"}],"predecessor-version":[{"id":110,"href":"https:\/\/www.amnestylausanne.ch\/index.php\/wp-json\/wp\/v2\/pages\/102\/revisions\/110"}],"wp:attachment":[{"href":"https:\/\/www.amnestylausanne.ch\/index.php\/wp-json\/wp\/v2\/media?parent=102"}],"curies":[{"name":"wp","href":"https:\/\/api.w.org\/{rel}","templated":true}]}}